nits digit of (70/(-20))/(w/78)?
3
Let y be (-12 + 4)*(-2 - -1). Let i be (-2 - (-2 - y/(-4))) + 5. Suppose -i*l = 101 - 386. What is the tens digit of l?
9
Suppose 15125 = -2*r + 5*k + 93689, 0 = -k - 8. What is the thousands digit of r?
9
Let k = -860 + 28658. What is the hundreds digit of k?
7
Suppose 6*c + 17714 = 2*o, 26607 = -47*o + 50*o + 3*c. What is the hundreds digit of o?
8
Suppose 19*c + 5*m + 86651 = 23*c, 25 = 5*m. What is the ten thousands digit of c?
2
Let k be (-241*(-2 + 0))/4*12. Suppose -100*a + 106*a - k = 0. What is the hundreds digit of a?
2
Let c(t) = -7*t. Let i(l) = 342*l + 51. Let g(s) = 6*c(s) + i(s). What is the units digit of g(6)?
1
Suppose 4*j - 4642 - 10278 = 0. What is the hundreds digit of j?
7
Let a = -1575 - -1064. Let b = a + 1988. What is the hundreds digit of b?
4
What is the units digit of 57/21 - (-14)/49 - (-28734)/3?
1
Let m be -3 + 232/(-60) + (-4)/30. Let k be 2/m - (345/21)/(-5). Suppose -3*r + 108 = p + 4, -2*p + 103 = k*r. What is the tens digit of r?
3
Let a = 21376 - -11572. What is the hundreds digit of a?
9
Suppose -3*w + 8558 = 2*i, 367*w + 2*i + 14290 = 372*w. What is the tens digit of w?
5
Suppose -4*i - 6 = c, -11*i = -6*i + 15. Let d be (10/c)/((-5)/(-126)). Let p = 127 - d. What is the units digit of p?
5
Let k(a) = -2*a**3 - 46*a**2 - 60*a - 39. What is the tens digit of k(-38)?
6
Let i(d) = -13*d**2 - 21*d - 134. Let q be i(-6). Let z = 784 - q. What is the units digit of z?
0
Suppose 0 = -31*p + 11*p - 13300. What is the units digit of (19/(p/240))/((-2)/14)?
8
Suppose -2*j + 5*j + 1005 = t, -678 = 2*j + 2*t. What is the hundreds digit of (35/(-2))/(-4*(-6)/j)?
2
Let o(i) = -20 - i**2 + 14 - 7*i + 5*i**2. Let x be (-2)/(-2) - 0 - (9 + -4). What is the tens digit of o(x)?
8
Suppose -65*l = 253*l - 6112596. What is the ten thousands digit of l?
1
Let i = 1181 + 1230. What is the hundreds digit of i?
4
Let p(b) = -527*b + 9934. What is the hundreds digit of p(-62)?
6
Let u(t) = 479*t + 1220. What is the tens digit of u(8)?
5
Let b(t) = -124*t + 2362. Let u be b(19). Suppose -608 = z - 5*z. Suppose -z = -o - 0*o + 5*y, -u = -3*y. What is the units digit of o?
2
Let b be (-22)/(-6) + 16/(-24). Suppose 5*s + 3*j - 191 = 0, -103 = -b*s - 0*j + 4*j. Let y = 84 - s. What is the tens digit of y?
4
Let w(y) = -y**3 + 10*y**2 + 28*y - 40. Let l be w(12). Suppose 5*a - 330 = -5*f, 0*f + l = 4*f. What is the units digit of a?
4
Suppose p - 4*b - 6515 = 0, -p = -23*b + 27*b - 6563. What is the hundreds digit of p?
5
Suppose -7*t - 8575 = -3*c, 0 = -2*c - 7*t + 10*t + 5715. What is the hundreds digit of c?
8
Suppose 7*l + 166 = 5*l - 2*y, 3*y + 6 = 0. Let s = -81 - l. Suppose -28 = -3*r - 4*u, s = 3*r - 3*u - 17 - 4. What is the units digit of r?
8
Let m(d) = d**3 - 6*d**2 - 13*d. Let c be m(10). Suppose -c*v + 280 = -263*v. What is the tens digit of v?
4
Let g be ((-928)/20 + -3)*-5. Suppose -48 + g = q. Suppose 200 = 3*k + 4*j - 387, k + 2*j = q. What is the units digit of k?
9
Let k(b) = 11*b**2 + 15*b + 17. Let i = -309 + 306. What is the tens digit of k(i)?
7
Suppose 5*t = -5*u, 6 = 5*u - 19*t + 21*t. What is the units digit of ((-36)/(-20)*u)/(8/260)?
7
Suppose -3*m + 2*y + 185 = 0, -2*y = 3*m - 147 - 34. Let q(v) = -v**3 - 3*v**2 + 3*v + 1. Let f be q(-4). Suppose -399 - m = -f*c. What is the tens digit of c?
9
Let d(m) = 208*m**2 + 83*m - 114. What is the tens digit of d(11)?
6
Suppose 9*u = 5*u - 4. Let f = 5 + u. Suppose -f*w + 392 = 3*w. What is the units digit of w?
6
Suppose -2321 = -5*p - 4*g + 10, -g + 2319 = 5*p. Suppose -11*d + p = -10*d. What is the hundreds digit of d?
4
Suppose 4*n + 20 = 0, 4*k + 2*n - 5 - 1 = 0. Let s(c) = 40*c**2 - 11. What is the units digit of s(k)?
9
Let x(j) = -43*j + 62. Suppose l + 130 = -9*l. What is the units digit of x(l)?
1
Suppose -5*x - 3*c + 2845 = 0, -3*x + 3*c - 6*c + 1707 = 0. What is the tens digit of x?
6
Suppose 7*r - 28 = -0. Suppose 3*a = -5*g + 2759, 5*g + 1112 = 7*g + r*a. What is the hundreds digit of g?
5
Let k(x) = -x - 2. Let h be -5 + -5 + 11 - -2. Let m be k(h). What is the units digit of (-1)/(-4)*m*-136?
0
Let r(o) = -17 + 2*o + 5*o - 4*o - 15. What is the units digit of r(11)?
1
Let b = -156 - -334. Suppose -m = -2*m - z + 184, m - b = 2*z. What is the tens digit of m?
8
Let m(p) = 4*p**2 - 27*p - 9. Let s be m(14). Let l = -128 + s. What is the units digit of l?
9
What is the hundreds digit of (-7)/(91/118820)*3/(-4)?
8
Suppose -253*z = 104109 - 455133 - 173445. What is the units digit of z?
3
Let c(v) = 3115*v**2 - 3*v - 11. What is the hundreds digit of c(-2)?
4
Let a(v) = 9321*v + 773. What is the units digit of a(1)?
4
Suppose 28 = -2*k + 4*s, 43 = -2*k - 0*k - s. What is the tens digit of (2512/k)/(2/(-5))?
1
Suppose -6*a = -4*a + 48*a - 436750. What is the hundreds digit of a?
7
Suppose -28*i + 163296 = 15*i - i. What is the thousands digit of i?
3
Suppose 0 = 4*g + 3*t - 8, -5*g - 2*t = t - 10. Suppose -j - 5 = k, 0 = -2*k + 5*j + 13 - g. What is the tens digit of k + 3/(15/965)?
9
Let p be (-34)/51*3411/(-6). Let q = p - 275. What is the hundreds digit of q?
1
Let b(h) = 6350*h**3 + h**2 + 8*h - 10. What is the hundreds digit of b(1)?
3
Let l(b) be the third derivative of -b**4/8 + 5*b**3/6 - b**2. Let f(u) = -u**3 - 6*u**2 + 5*u + 12. Let r be f(-2). What is the units digit of l(r)?
7
Let z = -51506 + 73059. What is the units digit of z?
3
Let d = 14387 - 6529. What is the tens digit of d?
5
Let l(h) = -h**3 - 8*h**2 - 8*h + 6. Let u be l(-5). Let c = 20 - u. Suppose m + c = -2*p + 314, -p = -4*m - 137. What is the tens digit of p?
3
Suppose -2*y = -160 + 22. Let i = y + 36. Suppose 0 = u + i - 267. What is the hundreds digit of u?
1
Let y be ((-12)/14)/(36/(-336)). Let v(x) = 6*x**2 - 17*x + 44. What is the units digit of v(y)?
2
Let y = 72 - 57. Suppose 4*q = -i - i - 6, -5*q - y = 0. Suppose 370 = i*w - 11. What is the tens digit of w?
2
Suppose -18 = -5*y + 2. Suppose 0 = -s + y + 1. Suppose -80 = -s*r - 5*n, 4*r - 50 = r - n. What is the units digit of r?
7
Let c = -8 + 19. Suppose 9*f - c*f = -3222. Suppose 9*q = 360 + f. What is the tens digit of q?
1
Let b(v) = 182*v + 445. What is the tens digit of b(0)?
4
Suppose -191*h + 177*h + 556892 = 0. What is the units digit of h?
8
Let i(y) = -y**2 + 21*y + 2. Let a be i(11). Let p be (a/(-3))/(10/(-165)). Suppose 4*h + 338 = 4*d - 158, 5*d = h + p. What is the tens digit of d?
2
Suppose -127625 - 360748 = -66*k + 1133445. What is the tens digit of k?
7
Suppose -3*j = -3*s - 42612, -7*j - 2*s - 42616 = -10*j. What is the tens digit of j?
0
Let l(h) = 196*h + 945. What is the units digit of l(7)?
7
Suppose 353724 = 25*l + 91824. What is the ten thousands digit of l?
1
Let n be 70/6 - -2*(-1)/(-6). Suppose 4*u = -3*a + u + 15, 2*a + 4*u = n. Let c(o) = -o**3 + 5*o**2 + 2*o + 2. What is the units digit of c(a)?
6
Let k be (-1)/(0 - (-1)/(-5)). Let l be (-1)/((-3)/(-3)) + 20/k. What is the tens digit of ((-10384)/66)/(l/((-18)/4))?
3
Suppose 0 = -2*q - 680 + 2838. What is the hundreds digit of q?
0
Let o = -328 + 330. What is the hundreds digit of ((1533 - 2) + -5)/o?
7
What is the ten thousands digit of (6/(-9) + (-1191)/(-45))*2785?
7
Suppose -3*u = u - 552. Suppose 2*c = 5*c - u. Let t = c + -42. What is the units digit of t?
4
What is the ten thousands digit of (14*22/231)/((-3)/(-90603))?
4
Let n = -11350 + 21376. What is the hundreds digit of n?
0
Suppose 0*l - l = -114. Let p(m) = -64*m - 724. Let h be p(-10). Let g = l + h. What is the tens digit of g?
3
Suppose -7*f + 56*f = -48*f + 1648224. What is the units digit of f?
2
Suppose -140*i + 139*i - 3*x + 21776 = 0, 5*x + 108980 = 5*i. What is the thousands digit of i?
1
Let k = 34 + -37. Let o be ((-162)/10)/k + 8/(-20). Suppose o*u = -3*c - 0*u + 473, -4*c = -3*u - 592. What is the tens digit of c?
5
Suppose m = -4*r - 4, -8 - 4 = r + 3*m. Suppose -2*g = 4*i, -5*g + r = 2*i + 16. What is the units digit of (-48 + i)/((-150)/35 + 4)?
1
Suppose -2*m = 0, 2*w - 2*m - 10420 = -346. What is the hundreds digit of w?
0
Suppose 2500 = -352*c + 351*c. What is the hundreds digit of ((-1)/((-2)/c))/((-44)/22)?
6
Suppose 20 = 3*q + 5. Suppose -684 = -2*g - 4*n, q*n = -2*g - 0*g + 683. Let p = g - 150. What is the tens 